pose -q = -2*a + 262, -a + 4*q = 2*q - 134. Calculate the highest common factor of a and r.
26
Let g = 129 + -89. Suppose a - 210 = -4*a - 5*h, 0 = -a + 4*h + 32. Suppose -2*b = 2*b - a. What is the greatest common divisor of b and g?
10
Suppose -15*o = -12*o. Let h be (-1 - -228) + 0 + (-2 - o). What is the greatest common factor of 25 and h?
25
Let k(z) = -2*z**2 - 54*z - 71. Let c be k(-25). What is the greatest common factor of 290 and c?
29
Let h(r) = r**3 - 2*r**2 - 8*r - 4. Let t be h(4). Let m be (2/t)/((-7)/462). Calculate the highest common divisor of m and 3.
3
Suppose -2*k + 231 = 5*i - 493, -5*i + k + 718 = 0. Calculate the greatest common divisor of 8 and i.
8
Let k(z) = -31*z + 182. Let b be k(5). What is the greatest common divisor of 999 and b?
27
Let j = -17626 - -17642. Let n = -4 + 52. What is the greatest common factor of n and j?
16
Let m(y) = -3 - y**3 - 3*y**3 - 2*y**2 + 3*y**3 + 2*y + 2*y. Let g be m(-4). Calculate the greatest common divisor of g and 104.
13
Suppose -5*f + 52 = 12. Let p(t) = 5*t**2 - 4*t + 31. Let g be p(f). Calculate the highest common divisor of g and 29.
29
Let o(u) = 99*u - 101. Let b be o(7). What is the greatest common factor of 16 and b?
16
Let q = -19 - -97. Suppose 58 = -y + q. Calculate the greatest common divisor of 50 and y.
10
Let w(k) = -3*k - 8. Let n be (-16)/(-56) + (-60)/14. Let j be w(n). Let x be (10/j)/(10/24). What is the highest common factor of 54 and x?
6
Suppose -100 = -3*b + 5*k, -5*k + 50 = -b + 3*b. Let o = b - 0. What is the greatest common divisor of 10 and o?
10
Let z(r) = r**2 - 7*r + 3. Suppose 5*m - 35 = -0*m. Let v be z(m). Let a be -4 - (v + 81)/(-3). What is the highest common factor of 12 and a?
12
Suppose -2*t + 2 = 0, 4*o + 4*t - 55 + 7 = 0. Suppose -2*a + 1 = -21. Calculate the greatest common divisor of o and a.
11
Suppose 2*o + 0*o + 126 = 0. Suppose 5*g = 5*h + 465, -3*h - g - g - 279 = 0. Let k = o - h. What is the highest common factor of k and 12?
6
Let t(r) = 3*r**3 + r**2 - r - 1. Let g be t(1). Suppose 2*z = -4*l + 80, -z + 18 + g = l. What is the greatest common divisor of 60 and l?
20
Let o = 439 - -105. Calculate the greatest common divisor of 34 and o.
34
Let t(u) = 8*u**2 - 2*u + 1. Let k be t(1). Let a be (-1)/(5/(-15)) + 1. Suppose a*l = 96 + 44. Calculate the highest common factor of l and k.
7
Let b(y) = -y**3 - 64*y**2 - 497*y - 30. Let w be b(-55). Calculate the greatest common factor of 848 and w.
16
Suppose -5*b = 5*a - 445, a + 98 = b + 3. What is the greatest common divisor of b and 8?
4
Suppose 0 = -9*x - 14 - 22. Let a(k) = -9*k - 6. Let n be a(x). Calculate the highest common factor of n and 90.
30
Let c = 1312 + -848. Suppose -6*s + 103 = -245. What is the highest common factor of s and c?
58
Let h be -161*(-4 - (-12)/4) - 5. What is the greatest common divisor of h and 260?
52
Let l be (-6)/((-24)/91)*4. Suppose 5*z - 38 = 27. Calculate the greatest common divisor of z and l.
13
Suppose -364 = -0*w - 14*w. What is the highest common divisor of w and 754?
26
Let j be 2 + 2 + (-14 - -9). Let z be 1 + 78 + (2 - j - 4). Suppose 2*w - w = -4*g + 210, g = -5*w + 62. What is the highest common factor of z and g?
26
Suppose 221*z + 490 = 228*z. What is the highest common factor of 450 and z?
10
Let l be (-10)/(-15) - 42/9. Let k be 3 + (8 - l - 3). What is the greatest common divisor of 6 and k?
6
Let p(l) = l**2 + 131*l - 1861. Let t be p(13). Let a = 32 + 56. Calculate the greatest common divisor of a and t.
11
Let o = -2537 - -3421. What is the greatest common divisor of 136 and o?
68
Let c be (2/8 + (-94)/(-8))*8. What is the highest common factor of c and 264?
24
Let i be 18/(-2)*2/(-6). Suppose -i*b + 49 + 38 = 0. Calculate the greatest common divisor of b and 145.
29
Let i be ((-8)/8)/(1/(-5)). Suppose a + 118 = 4*g, 0 = 2*g - 3*g - i*a + 19. Suppose -g = -m + 31. Calculate the highest common divisor of 24 and m.
12
Suppose 34 = 8*z - 22. Let g(u) = 9*u - 6. Let n be g(z). Calculate the highest common factor of 38 and n.
19
Suppose -171*o + 756 = -144*o. Calculate the greatest common divisor of 448 and o.
28
Let x be (-161)/(-49) - 4/14. Suppose 0*m + 54 = 2*m. Calculate the greatest common divisor of x and m.
3
Let l = 535 - -675. Calculate the highest common divisor of l and 10.
10
Let i(o) = 7*o + 11. Let u(h) = 14*h + 20. Let l(x) = 7*i(x) - 4*u(x). Let b be l(-1). What is the highest common divisor of 2 and b?
2
Let v be (-3918)/(-8) + 1/(24/6). What is the highest common factor of 10 and v?
10
Let q be ((-72)/(-30))/(3/(-20)). Let u = 27 + q. Calculate the greatest common factor of u and 1.
1
Suppose -124*y - 672 = -132*y. What is the highest common factor of 399 and y?
21
Let t be 1*(3 + 289) + 3/(-1). Suppose 9*l - 85 = 4*l. Calculate the greatest common factor of l and t.
17
Let h(v) = -9*v + 239. Let x be h(24). Calculate the greatest common divisor of 1265 and x.
23
Let j(l) = -l + 11. Let a be j(8). Let s be 1/(a*3/126). What is the greatest common divisor of 35 and s?
7
Let o = -53 - -74. Let h be 2/6 - 220/(-15). Suppose -h = 4*m - 43. Calculate the highest common divisor of o and m.
7
Suppose 2*v - v = 4. Let w = -9 + 1. Let p be ((-8)/(-6))/(w/(-168)). What is the greatest common divisor of p and v?
4
Let h = -603 - -943. Calculate the greatest common factor of h and 136.
68
Suppose 11460 = 185*d + 6*d. Suppose 4*b - 29 = 131. What is the highest common divisor of b and d?
20
Suppose -9*h = -12*h + 5*l + 624, 215 = h - 4*l. Calculate the greatest common factor of h and 29.
29
Suppose -2*c + c = -167. Suppose 9*u - c = 157. Calculate the highest common factor of 90 and u.
18
Suppose -15*h + 371 = 11. Let c(s) = -s**3 - s**2 + s - 2. Let r be c(-2). Suppose m = o + 2*m - 7, 4*m - 4 = r. Calculate the highest common factor of o and h.
6
Let x(j) = -16*j + 66. Let u be x(4). What is the highest common factor of 9 and u?
1
Let i = -44 + 9. Let o be (-8340)/i - (-4)/(-14). What is the highest common factor of 34 and o?
34
Let z = 341 + -226. Calculate the greatest common factor of z and 23.
23
Let w(j) = 59*j**3 + j. Let f be w(1). Suppose f = u + 4*u. Suppose -7*p + 264 = 4*p. Calculate the greatest common factor of u and p.
12
Let r = -18 + 20. Suppose -3*f - f + u = -71, r*f - 4*u = 18. What is the greatest common factor of f and 19?
19
Suppose 17*f - 49*f = -12096. Calculate the highest common factor of f and 56.
14
Let d = 271 - 184. Suppose q = 4*q - d. What is the highest common divisor of 174 and q?
29
Suppose 2*n + 148 = g, 5*g - 31*n = -35*n + 796. Calculate the greatest common factor of 24 and g.
12
Suppose 4*s - 421 = -5*r, 0 = -5*r + 11*s - 7*s + 389. What is the greatest common factor of 729 and r?
81
Let m(i) = -6*i + 129. Let x be m(-9). Calculate the highest common divisor of x and 6.
3
Let x(a) = 7*a**2 - 3*a + 5. Let w be 3 - (35/49 - (-6)/21). Let j be x(w). Calculate the greatest common factor of 27 and j.
27
Let m = -2 + 15. Let o = -16 - -24. Suppose -4*p - 260 = -o*p. What is the highest common factor of p and m?
13
Let z = -150 + 372. Calculate the highest common factor of 24 and z.
6
Let g(t) be the second derivative of t**3/6 + 13*t**2/2 - 6*t. Let n be g(-7). What is the highest common factor of 6 and n?
6
Let n = -92 + 156. Suppose -32 = -2*s + 4*o, 5*s - 10*o + 7*o - 80 = 0. What is the greatest common divisor of n and s?
16
Let p be 735/98*((-312)/10)/(-3). What is the highest common factor of 130 and p?
26
Let r = -1059 - -1459. Calculate the highest common divisor of r and 24.
8
Let h(v) = -v**2 - 14*v + 138. Let z be h(-19). Suppose -220 + 1123 = 3*d. Calculate the highest common divisor of z and d.
43
Let c(u) = u**2 - 7*u + 34. Let p be c(25). What is the highest common divisor of 44 and p?
44
Let h = -5 + 8. Let f be h*74 - (-2 + 3/(-3)). What is the highest common factor of f and 9?
9
Let p(w) be the second derivative of -w**4/12 - 4*w**3/3 + w**2/2 - 5*w. Let g be p(-6). Let i = g - 0. Calculate the greatest common factor of 52 and i.
13
Let y(w) = w**3 - 8*w**2 + 3*w - 9. Let m be y(9). Let k = -12 - -21. What is the greatest common factor of k and m?
9
Let b(l) = 2*l - 13. Let j be b(9). Let y = 9 - j. Suppose z + z - y*r = 182, 5*r = 4*z - 355. What is the highest common divi